 + s. What is the remainder when d(23) is divided by b?
2
Suppose t - 264 = -3*t. Let l = t + -33. What is the remainder when l is divided by 18?
15
Suppose 0 = -r - 3, -a + 2*r + 67 = -15. What is the remainder when a is divided by 43?
33
Let a(m) = m + 14. Let d be a(-9). Suppose -d*h = -26 + 1. Calculate the remainder when 2 is divided by 3 - h*(-4)/(-10).
0
Let d(j) = -5*j**2 - 2*j - 6*j**2 + 3 - 16 + 12*j**2. What is the remainder when 4 is divided by d(5)?
0
Suppose -3*r = -5*b - 15, 23 = 2*b - 5*b - r. Let l = b + 11. Calculate the remainder when l is divided by 4.
1
Let l(d) = 213*d**2 + 19*d + 11. What is the remainder when l(-2) is divided by 14?
13
Let s(h) = h - 11. Let z be s(14). Suppose -176 = -8*d - z*d. Calculate the remainder when 78 is divided by d.
14
Suppose 3*y + 5*p = 70, -2*y + 44 = -3*p + 10. What is the remainder when 36 is divided by y?
16
Suppose -2*w = l - 32, w - 14*l = -12*l + 21. What is the remainder when 96 is divided by w?
11
Let w = 15 - 13. Let j(x) = 21 - 9*x - w - 9. What is the remainder when j(-5) is divided by 14?
13
Suppose -40 = -2*p - 0*p. Let t(f) = 56*f - 353. What is the remainder when t(7) is divided by p?
19
Suppose -g + 6*g = 0. Suppose 0 = -2*x + 3*a + 9, -x - 2*x + 5*a + 13 = g. Calculate the remainder when 16 is divided by x.
4
Let w = 8 - 47. Calculate the remainder when 31 is divided by -18*(-5 + w/(-9)).
7
Let a be (-24 - -19)/((-5)/2). Suppose -q = -3*q + 28. Suppose -23 = -v + a*z, -q - 30 = -v - 5*z. What is the remainder when v is divided by 10?
9
Suppose -y + i = -i + 23, -4*i + 29 = -y. Let u = -1 - y. What is the remainder when 91 is divided by u?
11
Suppose 0 = -50*q + 7035 + 24665. Calculate the remainder when q is divided by 7.
4
Suppose -3*w = -v - 3, 0 = -0*v + 4*v + 5*w + 97. What is the remainder when 3/((-19)/(-57) - (-5)/v) is divided by 29?
25
Let w(q) = -q + 8. What is the remainder when w(-7) is divided by (-3)/2*16/(-6)?
3
Suppose -5*a + 40 = -10. What is the remainder when 22 is divided by a?
2
Suppose h + 330 = 4*h. Suppose -11*j = 3*x - 6*j - 104, 160 = 4*x - 4*j. Calculate the remainder when h is divided by x.
34
Let w(l) = 2*l**2 - 4*l - 5. Suppose 6*y = 110 + 118. What is the remainder when y is divided by w(4)?
5
Suppose 16*f = 12*f - 952. What is the remainder when 82 is divided by f/(-8) + (87/12 - 7)?
22
Let l be (-1)/(2 + 1 + -2) + 16. Let f = 24 - l. What is the remainder when 26 is divided by f?
8
Let o(d) = -d**2 - 26*d + 162. Calculate the remainder when o(5) is divided by 7.
0
Let a be 2/(-8) + (-413)/(-4). Let u = 145 - a. Let i = -10 + 21. Calculate the remainder when u is divided by i.
9
Suppose -a - 3*c = -385, 4*c = -5*a + 1838 + 76. What is the remainder when a is divided by 16?
14
Let n(f) = 4*f**2 + 4*f - 2. Let p = -67 - -248. What is the remainder when p is divided by n(-4)?
43
Let a be (0 - 1)*55/(-11). Suppose 2*g - a*p = 89, 15 = g + 3*p - 46. What is the remainder when g is divided by 28?
24
Suppose -57*q + 4783 = -6959. Calculate the remainder when q is divided by 8.
6
Suppose -887 = 5*y - 1032. Calculate the remainder when y is divided by 17.
12
Suppose 2*w - 2*q - 108 - 108 = 0, 2*w + 3*q = 196. Let d = 19 + w. Calculate the remainder when d is divided by 31.
30
Suppose 4*h + 1 = 2*u - 77, 3*u + 23 = -h. Calculate the remainder when 4 is divided by h/(-6)*18/15.
0
Suppose -2*n - 12 + 40 = -4*h, -5*n - 5 = 5*h. What is the remainder when 119 is divided by n?
3
Let z(o) = -43*o - 96. Calculate the remainder when z(-5) is divided by 24.
23
Let z(m) = -m**2 + 0*m**2 - 4*m + 0*m**3 + 3 + m**3. What is the remainder when z(4) is divided by ((-56)/(-140))/(0 - (-2)/60)?
11
Let q(t) = 11*t + 124. What is the remainder when 349 is divided by q(-9)?
24
Let s(j) = 2*j + 35. Let b be 94/(-7) + (-18)/(-42). What is the remainder when s(b) is divided by 0 + 1 + (2 - -1)?
1
Let k(b) = -b**3 - 4*b**2 + 9*b - 6. Let c = -6 - 0. Calculate the remainder when k(c) is divided by 9.
3
What is the remainder when 137 is divided by (-69)/(-2 + 1)*8/24?
22
Suppose -s + 36 + 70 = -2*t, 118 = s + 2*t. Suppose -s = -5*b + 58. What is the remainder when b is divided by 17 + (1 - 0/2)?
16
Let a(z) = -4*z - 2. Let x be a(3). Let g = 28 + x. Let n(u) = u**3 - 10*u**2 - 9*u + 5. Calculate the remainder when n(11) is divided by g.
13
Let x(k) = 24*k**3 + 3*k**2 - k + 5. What is the remainder when x(3) is divided by 34?
31
Let c(o) = -6*o**3 + 1 + o - 36*o**3 - 5*o**3. What is the remainder when c(-1) is divided by 36/(-1)*((-17)/((-102)/12))/(-3)?
23
Suppose 2*x - 129 = v, 0*x + 2*v = -3*x + 204. What is the remainder when x is divided by ((10260/72)/(-57))/((-2)/(1*8))?
6
Calculate the remainder when ((-37595)/438)/((-1)/6) is divided by 86.
85
Let b(g) = g + 2. Let o(r) = -42*r + 21. Let d(l) = 9*b(l) - o(l). What is the remainder when 94 is divided by d(1)?
46
Let w(q) = 7*q**2 - q - 1. Let v be w(-1). Let i = v + -3. Calculate the remainder when 14 + ((-880)/(-20))/(-11) is divided by i.
2
Let o = 350 - 305. What is the remainder when o is divided by 13?
6
Suppose -5*x + k = -224, 5*x + k = -2*k + 208. Let o = -30 + 55. Calculate the remainder when x is divided by o.
19
Suppose 47 - 117 = -5*p - 4*f, 30 = p + 4*f. Let l = -524 - -532. What is the remainder when p is divided by l?
2
Suppose -2*q + 575 - 161 = 0. Suppose -69 = -3*f - 2*j, -4*f + 3*j = -6*f + 51. What is the remainder when q is divided by f?
18
Suppose -19*g = 1712 - 12485. What is the remainder when g is divided by 14?
7
Suppose -2*s + 10 = -3*h, 0*s - 5*s - 17 = 3*h. Calculate the remainder when 9 is divided by (s - (-9)/(-12))/(1/(-4)).
2
Suppose -23*f + 24*f - 14 = 0. Let b be 0 - (-1 + -2 + 6). Let d = 6 + b. Calculate the remainder when f is divided by d.
2
Let x = -18 - -15. What is the remainder when 2 is divided by x + 1/(-3)*-15?
0
Let x(k) = 2*k**3 + 11*k**2 + 2*k - 1. Suppose 6*q + 21 = -9. Let g(s) = -3*s + 13. What is the remainder when g(-9) is divided by x(q)?
12
Let p(w) = -2*w**2 + 2*w**2 - 2*w + 7 + 2*w**2 - 6*w. Let h = -114 - -161. What is the remainder when h is divided by p(5)?
13
Suppose 4*g - 4*v - 156 = 0, 5*g - 87 = -4*v + 72. Let z be ((-36)/15)/((-7)/g). What is the remainder when 16*(z/4 - 1) is divided by 11?
10
Suppose 0 = -2*l + 3*y + 11, 6*l = 4*l + 4*y + 6. What is the remainder when l is divided by 2?
1
Suppose 5*n - 62 = 4*n. Let f be -62 + -1 + 4 + -6. Let j = f - -82. What is the remainder when n is divided by j?
11
Let i(t) = -t + 6. Suppose r + g = 3 + 2, -44 = -4*r + 4*g. Suppose -5*h - 38 + r = 0. Calculate the remainder when 22 is divided by i(h).
10
Let q(t) = -53*t**3 - t**2 - 12*t - 11. What is the remainder when 474 is divided by q(-1)?
50
Suppose 0 = 4*q - 2*k - 538, -268 = -2*q - k + 3*k. Suppose 5*j - 3*f + f - 177 = 0, 5*f = -4*j + q. Calculate the remainder when 69 is divided by j.
34
Suppose 447 = -3*y - 3*r + 2154, -1691 = -3*y + r. Calculate the remainder when y is divided by 81.
79
Let f(q) = -2*q + 50. Calculate the remainder when f(-8) is divided by 56.
10
Suppose -2*h = -2*y - 114, 2*y + 167 = 3*h + y. Let q = -42 + h. What is the remainder when 63 is divided by q?
11
Let n(l) = 22*l**2 + 2*l - 1. Suppose 5*x - 2*x = -5*p + 820, 4*x = -4*p + 656. Suppose 18 + p = 14*s. Calculate the remainder when n(1) is divided by s.
10
Suppose -18 = 3*h - 4*h. Calculate the remainder when 51 is divided by h.
15
Suppose 38*b = 42*b + p - 234, 2*b + p = 116. Calculate the remainder when b is divided by 46.
13
Let m(l) = l**3 - 27*l**2 + 27*l + 6. Calculate the remainder when m(26) is divided by 4.
0
Let l(n) = -40*n - 675. What is the remainder when l(-20) is divided by 66?
59
Let k(t) = -t**2 - 7*t + 22. Let w be k(-9). Suppose 0 = w*i - 13 - 55. What is the remainder when 33 is divided by i?
16
Let o be (-10)/(-45) - (-4345)/9. What is the remainder when 2/10 + o/35 is divided by 6?
2
Let r = 838 + -821. Calculate the remainder when 314 is divided by r.
8
Let b(z) = 3*z**2 + 12*z + 6. Calculate the remainder when b(-11) is divided by 20.
17
Suppose 0 = 244*g - 238*g - 270. Suppose -3*p = -4*p + 50. Let w = p - 34. Calculate the remainder when g is divided by w.
13
Suppose 65 = 3*f - 40. Calculate the remainder when 664 is divided by f.
34
Let d = 126 -